 + 4*r. Calculate t(k).
6
Let n(c) = -208*c - 129 + 396*c - 210*c + 33. Determine n(-5).
14
Suppose 4302*s - 4324*s + 286 = 0. Let f(t) = t**3 - 14*t**2 + 6*t + 91. Determine f(s).
0
Let q(y) be the third derivative of 0 - 1/6*y**3 - 1/60*y**5 + 0*y - 42*y**2 + 5/24*y**4. Let x be 3/9*2*9. Give q(x).
-7
Let k(i) be the second derivative of 5*i**4/4 + 2*i**3/3 + i**2 - 2900*i - 1. What is k(-2)?
54
Let m(w) = 3*w**2 - 13*w - 10. Let u = -8300 - -8304. Give m(u).
-14
Let a(c) be the second derivative of -5*c**4/12 + 31*c**3/6 - 35*c**2/2 - 101*c. Let i be a(5). Let n(u) = u**2 + 5*u + 7. Give n(i).
7
Let p(d) = d**2 + 9*d - 5. Suppose 0 = -4*h + 6*s - 48, -163*h + 168*h - 3*s = -51. Give p(h).
-5
Let z(s) = -2 + 0*s**2 - 6*s**2 + 7*s**2 - 5*s. Let u = 15306 + -15299. Calculate z(u).
12
Let w(v) = v + 14. Let f(y) be the first derivative of 1/2*y**2 - 4 - 11*y. Let k be f(5). Calculate w(k).
8
Suppose 21*u - 63 - 21 = 0. Let w(c) = 2 - u*c + 7*c + c + 3*c**2 + 2*c + c**3 + 0. Give w(-4).
-38
Suppose 9*w + 12 - 120 = 0. Suppose w*i - 15*i + 9 = 0. Let x(f) = i - 1 - f**2 + 56*f - 64*f. What is x(-9)?
-7
Let t(r) be the first derivative of r**2/2 + 5*r - 1188. Give t(-2).
3
Let v be (-7)/(-98)*7*(-28)/1. Let y(j) = -3*j. Determine y(v).
42
Suppose -80*b = -37*b - 129. Let x(d) = 35*d - 9. Determine x(b).
96
Let n(k) = -1 - 3 + 3*k + 12. Suppose -9*q = -6*q - 3. Let d(i) = -6*i**2 - 4*i + 4. Let m be d(q). Calculate n(m).
-10
Suppose 208*z - 190*z - 11340 = 0. Suppose 9*d + 693 = z. Let w(o) = -5*o + 3. Give w(d).
38
Let t(q) be the first derivative of -q**4/2 - 20*q**3/3 - 17*q**2 - 16*q + 172. Give t(-8).
0
Let g = 67 - 50. Suppose -16*i + g*i = -3. Let m(l) be the second derivative of -l**5/20 - l**4/4 - l**3/6 + l**2/2 - 2*l. What is m(i)?
4
Let i(s) = 16*s - 101. Let t be i(8). Suppose t*j = 22*j - 10. Let k(q) = q**3 + 3*q**2 + q. Calculate k(j).
2
Let w be (2/4)/((-1)/(-6)). Suppose 0 = 35*a - 105*a + 350. Let x(q) = -q - 15 + a + w*q. What is x(8)?
6
Let a(v) = 19*v**2 + 2*v + 154 + v**3 - 157 - 25*v**2. What is a(5)?
-18
Let z(c) = c**2 - 7*c - 8. Let y(b) = -b**3 - 2*b**2 - b - 11. Let o be y(-6). Let t = o + -131. Calculate z(t).
0
Let j(b) = 266*b - 3727. Let x be j(14). Let c(u) = -2*u**2 + 3 + 3*u**2 + 2*u**2 - 6. Calculate c(x).
24
Let n = -1 + 0. Let r(f) be the first derivative of -3*f**5/10 - f**4/12 + 85*f + 10. Let v(o) be the first derivative of r(o). Determine v(n).
5
Suppose 3*j = -2*u + 8, -3*u + 14 - 2 = -2*j. Suppose -5*v - x = 3 - 11, v + x = u. Let r(q) = v + 8*q + q - 9*q - 3*q**2. Give r(1).
-2
Let l(p) be the second derivative of p**3/6 + 6*p**2 - 20*p. Let b(n) = n**3 + 42*n**2 + 39*n - 82. Let v be b(-41). Determine l(v).
12
Let f = -6 + 7. Let c(h) = 6*h**2 - 5*h + 8. Let u(j) = 8*j**2 - 8*j + 13. Let a(q) = -8*c(q) + 5*u(q). Determine a(f).
-7
Let o(f) = -14*f + 2. Let s be o(5). Suppose -4*w + 310 = 5*g, g - 2*w - 2*w = 62. Let h = g + s. Let y(q) = q + 3. Determine y(h).
-3
Let z(r) = -r**3 + r**2 + 3*r - 3. Let h be z(2). Let i(l) = -239*l - 250 + 251 - 23*l**2 + 241*l. Determine i(h).
-24
Let u be 1*23/((-46)/(-84)). Suppose -5*v + u = -2*v. Let k(a) = 2*a - 15. Give k(v).
13
Let a(b) = -4*b**2 + 8*b + 5. Let c(j) = -4*j**2 + 4*j**2 - 82 + 84 - j**2. Let v(r) = -a(r) + 3*c(r). Determine v(9).
10
Suppose -10 = -2*h, 3*z + 4*h = 25 - 2. Let f(w) = 689*w - 688*w + 7 + z. Determine f(0).
8
Suppose -24 = 3*l - 39. Suppose 7 + 8 = l*c. Let i(r) = -r**3 + r**2 - 3*r + 3. Give i(c).
-24
Let k(c) be the first derivative of -c**3/3 - 3*c**2 - 6*c - 1. Let h = -64 - -61. Let s(i) = -45*i - 141. Let r be s(h). Calculate k(r).
-6
Let h(u) = -u**2 + 14*u - 22. Let j = 440 + -429. Calculate h(j).
11
Let t(x) = 56*x - 10. Let h(n) = 33*n - 6. Let j(i) = 17*h(i) - 10*t(i). Calculate j(2).
0
Let w(c) = -9*c**3 + 1770 - 1767 + 13*c + 10*c**3 - 9*c**2 - 5*c. Suppose -5*j = -15, -y + 20 = -2*j + 6*j. Give w(y).
3
Let t(c) = c**2 + c. Let o be (12/(-8))/((-6)/8). Let u be o - (-8 - -3 - -4). Suppose -m - 3*h + 13 = -u*m, -4*h = -2*m - 16. Calculate t(m).
2
Let w(g) = 28*g + g**3 - 11*g - 2*g**3 - 6*g**2 - 11*g - 8*g + 2. Determine w(-5).
-13
Let z(j) = 8*j**3 + 21*j**2 + 10*j - 18. Let w(c) = -22*c**3 - 62*c**2 - 31*c + 56. Let x(m) = -3*w(m) - 8*z(m). Calculate x(-8).
0
Suppose -6*m + 19*m - 52 = 0. Suppose 0 = m*t - 9*t - 80. Let d(k) = k**3 + 16*k**2 + k + 10. Calculate d(t).
-6
Let y be 17/34*20/2. Suppose 0 = y*i + 2*i + 224. Let x = i + 27. Let g(c) = c**2 + 5*c. What is g(x)?
0
Let k be (-83 + 3)/10*(-6)/4. Suppose -k*f - 1 = -25. Let g(a) = -7*a - 2. What is g(f)?
-16
Let x(u) = 2*u - 15. Let w(l) = 2*l - 25. Let p(z) = -2*w(z) + 5*x(z). Determine p(11).
41
Let c(w) be the second derivative of -w**4/6 + 37*w**3/6 + 5*w**2/2 + 605*w + 3. Give c(19).
-14
Let k(j) be the second derivative of j**3/6 - 29*j**2/2 + 11*j. Let z be k(31). Let g(n) = 8 - 16 + 0*n**z - n**2 + 8*n. Determine g(7).
-1
Let z(m) = m**2 + 8*m. Let v be (45/30)/((-9)/60). Give z(v).
20
Let s(j) be the third derivative of -j**6/120 - j**5/60 - j**4/24 - 3*j**3/2 - 8958*j**2. Calculate s(-3).
12
Let v(p) = 3*p**2 + 9*p - 5. Let n be v(-4). Suppose -n*r = -12*r - 90. Let i(t) = t + 19. Determine i(r).
1
Suppose 2*i + 6 = -l, -2*i - 13 = 3*i + 2*l. Let h(q) = q - 1. Let m be h(i). Let p(o) = -2*o**2 - 4*o - 4. Let d be p(m). Let k(s) = s. Calculate k(d).
-4
Let j = -439 - -434. Let z(y) = 2*y**3 + 40*y**2 - 31*y - 76. Let i(d) = -d**3 - 19*d**2 + 16*d + 38. Let u(r) = j*i(r) - 2*z(r). Give u(-16).
-6
Suppose -33 = -4*t - 1. Let o(v) be the third derivative of v**7/2520 - v**6/60 - 3*v**5/5 - 6*v**2. Let k(i) be the third derivative of o(i). Give k(t).
4
Suppose -3*t - 20*o - 25 = -25*o, 3*t = -2*o + 10. Let c(k) be the third derivative of 0*k + 0 + 13*k**2 - 3/20*k**5 - 1/6*k**3 + t*k**4. Determine c(-1).
-10
Let x(y) be the second derivative of -5/2*y**2 - 6*y - 1/30*y**6 + 1/60*y**5 + 0 + 0*y**4 - 1/6*y**3. Let j(o) be the first derivative of x(o). What is j(1)?
-4
Let v(r) = 6*r**3 - 11*r**2 - 17*r + 42. Let j(h) = -7*h**3 + 10*h**2 + 20*h - 44. Let y(a) = 5*j(a) + 6*v(a). Give y(16).
0
Let m(u) = 473*u**2 - 5*u + 80. Let x(g) = 662*g**2 - 7*g + 118. Let n(k) = 7*m(k) - 5*x(k). Suppose 4*v - 2*v = 0. Calculate n(v).
-30
Let r = 836 + -133. Let x = r + -698. Let s(u) = 4*u - 9. Determine s(x).
11
Let l(t) be the first derivative of -4*t - 1/4*t**4 + 4 - t**3 - t**2. Let z = 18604 - 18607. Give l(z).
2
Let u(s) be the second derivative of -s**6/360 + s**5/30 + 8*s**3 + 12*s. Let h(p) be the second derivative of u(p). Give h(5).
-5
Let d = -47 - -364. Let r(s) = -s**2 + 322*s - 1 + 0 - d*s + 0*s**2. What is r(5)?
-1
Let h(q) = 32*q + 5. Suppose 3*n = 7*n, -3 = -22*u + 25*u - 6*n. What is h(u)?
-27
Suppose 2*n + 5*t - 797 = -822, 5*t - 10 = 5*n. Let v(y) = 2*y**3 + 11*y**2 + 4*y + 2. What is v(n)?
7
Let y(x) = -224*x**2 - 14 + 222*x**2 + 7 + 10 + 2*x. Let b(c) = c + 2. Let r be b(2). Give y(r).
-21
Let z(a) = 32*a**2 + 231*a - 162. Let h(t) = 5*t**2 + 37*t - 27. Let j(g) = -13*h(g) + 2*z(g). Calculate j(-23).
-65
Let x(k) = 71*k + 68 + 68 + 68 - 279 + 68. Give x(1).
64
Let k(z) = -369*z**2 - 44*z + 39. Let w(q) = 138*q**2 + 15*q - 13. Let y(d) = -3*k(d) - 8*w(d). What is y(-6)?
23
Suppose -3*s = 5*n - 73, -5*s + n + 60 = -43. Let m be (s/49)/(2/14). Let y(i) = -7*i - i**m + 10*i + 9 - 4*i. Give y(0).
9
Let m(i) = 2*i + 6. Let x be 15/3 - (-10)/2. Suppose -x*y + 7*y + 12 = 0. Suppose 0 = -y*q + 6*q + 16. Calculate m(q).
-10
Let m(z) = -13*z**3 - 13*z**2 - 7*z + 13. Suppose -72 = -3*i - 5*i. Let y(t) = -6*t**3 - 6*t**2 - 3*t + 6. Let n(c) = i*y(c) - 4*m(c). Give n(2).
-20
Suppose 31*j + 15 = 34*j. Suppose 0 = -t + 2*p + 2, 0*t + 4*t - 11 = j*p. Suppose -11 - 5 = -2*z - t*q, -5*z + 4*q = 30. Let r(b) = -2*b - 2. What is r(z)?
2
Let o = 228 - 115. Suppose -45*x - 7875 = 50*x - 28965. Let n(f) = o - 3*f + 111 - 3*f**3 - x. Calculate n(2).
-28
Let p(g) be the third derivative of -g**4/8 + g**3/6 + 3*g**2. Suppose -34*o - 14 = -26*o - 5*i, 4*o - i = 2. What is p(o)?
-5
Let o be 4 + (-5 - -2) - -15. Let t be 2*4/o*-6. Let h(q) = q**3 + 4*q**2 + 4*q + 1. Determine h(t).
-2
Let v = -12 - -15. Let p(n) be the third derivative of -n**6/120 + n**5/30 - n**4/24 - n**3/6 